-h + 100 = 5*u + h. Suppose 0 = -n - 5, -2*n + 7*n = -a - u. Let m = 5 + 3. What is the remainder when m is divided by a?
3
Let b(n) = -n**3 + 5*n**2 + n - 1. Suppose 0 = -14*j + 10*j + 20. Calculate the remainder when 5 is divided by b(j).
1
Suppose 0 = 3*b - 4*b. Suppose -3 = 2*s - 3*s. Suppose -s*a = -4*c + 12, 2*c + b*a = 2*a + 4. What is the remainder when 22 is divided by c?
4
Let k = -12 + 14. Calculate the remainder when 5 is divided by k.
1
Suppose 3*u = -4*l + 241, 3*l + 2*u = 6*l - 202. Let r be (-1)/((-1)/27 - 0). Let i = l - r. Calculate the remainder when i is divided by 13.
11
Let p(v) = -v + 10. Let t be p(7). Suppose -1 = -t*z + 47. Calculate the remainder when z is divided by 6.
4
Let z = 1 - -4. Suppose 2*q - 33 = z*f, 2*q + q - 42 = 5*f. What is the remainder when 36 is divided by 116/6 - 3/q?
17
Let z = 21 - -39. Calculate the remainder when z is divided by 7.
4
Let a = -9 - -12. Calculate the remainder when a is divided by 1.
0
Suppose -52 = -3*o - 3*a - a, 3*o - 2*a - 82 = 0. Calculate the remainder when o is divided by 13.
11
Let y(s) = s**3 + 11*s**2 - 14*s - 11. Let x = 94 - 56. What is the remainder when x is divided by y(-12)?
12
Let i(x) = x**2 + 2. Let f(a) = -2*a**2 + a - 1. Let l(j) = -2*f(j) - 3*i(j). Calculate the remainder when 42 is divided by l(5).
9
Suppose -3*z - 5*m + 20 = -0*m, 0 = 4*z - 2*m - 44. Calculate the remainder when 77 is divided by z.
7
Let f be (-2 - -1) + (-12)/(-6). Let t be (f/(-3))/((-2)/30). Suppose l - 23 = t. Calculate the remainder when l is divided by 15.
13
Let f(r) be the first derivative of -1/4*r**4 - 3*r**3 + 6*r - 2 - 9/2*r**2. What is the remainder when f(-8) is divided by 8?
6
Let b = 4 - 1. Suppose -20 = -2*k - n, -5*n + 10 = -0*n. What is the remainder when k is divided by b?
0
Let u be 1 + 1 - 1 - 24. Let t = u - -34. What is the remainder when 41 is divided by t?
8
Let y(x) = 2*x**3 - 18*x**2 + 4*x + 5. Calculate the remainder when y(9) is divided by 13.
2
Let j = 51 - -31. Let p = j - 32. What is the remainder when p is divided by 13?
11
Let j(g) = -g**3 + 6*g**2 - 5. Let x be j(6). Let k = -1 - -41. What is the remainder when k is divided by (3 + x)*(-1 - 6)?
12
Let u(i) be the second derivative of -i**3/6 + 7*i**2/2 - i. Suppose 4*h + 2*m - 16 = 0, 4*m = 2*m - 4. Calculate the remainder when h is divided by u(5).
1
Let f(b) be the third derivative of b**4/12 + 3*b**3/2 + b**2. Let a be f(-6). Let v(i) = 4*i**2 + 4*i. What is the remainder when v(a) is divided by 13?
11
Let k = -5 - 1. Let n(o) = -o**3 - o + 1. Let y(s) = -4*s**2 + 9*s - 5. Let a(z) = n(z) + y(z). Calculate the remainder when a(k) is divided by 11.
9
Let w(d) = -d**3 - 10*d**2 - 9*d. Let j be w(-9). Let n = 41 - j. What is the remainder when n is divided by 11?
8
Let h(n) = n**2 - n + 4. Suppose 0 = -2*f + 5*f - 15. Let z be h(f). Suppose 8*s - 5*s = z. Calculate the remainder when 15 is divided by s.
7
Let a be 21*(2 + 16/(-6)). Let g be (2 + -3)/(1/a). Let t = g - 1. What is the remainder when 37 is divided by t?
11
Suppose j = -1 - 0. Let v be (j - -3) + (-6)/3. Let t = 9 - v. Calculate the remainder when 16 is divided by t.
7
Let o(j) = 2*j + 2. Calculate the remainder when 23 is divided by o(5).
11
Calculate the remainder when 46 is divided by 98/5 + 6/(-10).
8
Let o(t) = -t + 1. Let x be o(-4). Suppose -4*l + 159 = x*s, -2*s + 7*s - 205 = -5*l. Let v = -10 - -22. What is the remainder when l is divided by v?
10
Let s = 2 - 2. Suppose -3*v + 50 = -c + 5*c, 2*v - 2*c - 10 = s. Calculate the remainder when 28 is divided by v.
8
Let z(n) = 5*n**2 + 5*n - 5. Let t(l) = -4*l**2 - 4*l + 6. Let m(w) = 6*t(w) + 5*z(w). Calculate the remainder when m(0) is divided by 4.
3
Suppose 20 = 5*t - t. Suppose -3*v + 8 = v, 0 = -2*b - 3*v + 12. Suppose -b*f + 27 = -0*f. What is the remainder when f is divided by t?
4
Calculate the remainder when 48 is divided by (17/(-3))/(1/(-3)).
14
Suppose 3*i - 87 = -0*i. Let y = i + -9. Suppose -59 = -4*k - 3*c, 0 = 4*k - c + 6*c - 69. Calculate the remainder when y is divided by k.
9
Let s = 18 - 13. What is the remainder when 14 is divided by s?
4
Let d = 105 + -64. What is the remainder when d is divided by 14?
13
Suppose -54 = -3*f - 12. Let j = 18 + f. What is the remainder when j is divided by 11?
10
Suppose 1 = -r, g + 9 = -3*r + 3. Let n = 1 - g. Let v = 10 + -7. What is the remainder when n is divided by v?
1
Let w(v) = v**2 + 9*v + 10. Let j be w(-8). Suppose 4*d + 7 + 5 = 0, j*x = 3*d + 187. Let q = -60 + x. What is the remainder when q is divided by 15?
14
Let p(c) = -c**3 - 5*c**2 - c + 7. Suppose u - 112 = -3*u. What is the remainder when p(-5) is divided by u/6*24/16?
5
Suppose 5*i - 5*a - 35 = 0, 0 = -5*i + a + 19 + 12. Suppose 7 = 3*f - 5*c, -5*f - 4*c + 17 + 7 = 0. Calculate the remainder when i is divided by f.
2
Let x = 76 + -18. Calculate the remainder when x is divided by 30.
28
Let j(k) = -k**3 + 18*k**2 - 4*k - 14. What is the remainder when j(17) is divided by 35?
32
Let b(f) = 2*f**2 - 5 - f**2 + 0*f**2 - f**3. Let l be b(0). Let y(d) = -d. Calculate the remainder when 8 is divided by y(l).
3
Let t(i) be the third derivative of -i**6/120 + 4*i**5/15 - 2*i**4/3 + 17*i**3/6 + 3*i**2. Calculate the remainder when (1 + 3)*7/4 is divided by t(15).
1
Let p(a) be the second derivative of -a**4/12 + 5*a**3/6 + 3*a**2 + a. What is the remainder when p(5) is divided by 4?
2
Let p = -40 + 52. What is the remainder when 33 is divided by p?
9
Suppose 3*s = -0*s + 9. What is the remainder when 11 is divided by s?
2
Suppose 0 = 2*b - 7*b + 115. What is the remainder when 74 is divided by b?
5
Suppose 5*o - 5 = -4*y, 4*y = 3*o - 1 - 2. Calculate the remainder when (1 + 2)*4/6 is divided by o.
0
Let h be (-150)/(-14) + (-6)/(-21). Suppose -136 = -5*n - h. Calculate the remainder when n is divided by 15.
10
Let d(h) = 4*h - 6. Let u be d(4). Suppose 8*n = u*n - 46. Calculate the remainder when 91 is divided by n.
22
Let c(l) = 2*l**3 - 3*l**2 - 7*l + 5. Let o be c(4). Suppose q - 4*q = -o. Calculate the remainder when q is divided by 10.
9
Let x(s) = 9*s**2 + 5*s + 5. Calculate the remainder when x(-2) is divided by 11.
9
Let i(z) = 2*z**2 + 2*z. Suppose 0 = -2*h + 2*a + 76, 2*h - 34 = -3*a + 22. Calculate the remainder when h is divided by i(2).
10
Let u = 204 - 108. What is the remainder when u is divided by 20?
16
Suppose 4*l - 888 = -6*v + 2*v, 4*l - 892 = -2*v. Suppose -29 = 5*n - l. Suppose -7*g + 78 + 62 = 0. Calculate the remainder when n is divided by g.
19
What is the remainder when 64 is divided by (-22)/(-8)*-1*-4?
9
Let o = -36 + 117. Calculate the remainder when o is divided by 14.
11
Suppose -3*u + 5*c = -276, -4*u = -3*u + 3*c - 78. Suppose 3*k - u = -3. Calculate the remainder when k is divided by 8.
4
Let o(z) be the second derivative of 4*z**4/3 + z**3/6 - 3*z. What is the remainder when o(1) is divided by 6?
5
Let u(v) = 3*v + 20. What is the remainder when 76 is divided by u(-3)?
10
Let b be 14 - 1 - 3/3. Let o = b - 5. What is the remainder when 12 is divided by o?
5
Let i(s) = -6*s**2 + 7*s + 6. Let y(f) be the second derivative of -f**4/12 - 2*f. Let t(g) = i(g) - 5*y(g). What is the remainder when 10 is divided by t(7)?
4
Suppose -7*k + 158 = -24. Calculate the remainder when 75 is divided by k.
23
Let q(l) = 35*l**3 - 2*l + 1. What is the remainder when q(1) is divided by 13?
8
What is the remainder when (0 - 107/3)*-3 is divided by 27?
26
Let k(r) be the first derivative of r**4/2 + 2*r**3/3 + r**2/2 + 3. Let p be k(-1). Let l = p + 27. Calculate the remainder when l is divided by 9.
8
Suppose -3*q - 70 = 2*m, -3*q + 0*q - 5*m - 85 = 0. Let v = 78 + q. Suppose 2*g = -2*s + v, 2*g + 4*s - 12 = 56. What is the remainder when g is divided by 13?
11
Suppose -4*j - u = -192, 0 = j - 3*j - 3*u + 106. Calculate the remainder when 136 is divided by j.
42
Let r = 0 - -4. Let p = 0 - -14. What is the remainder when p is divided by r?
2
Suppose 2*h = 3*c + 123, 11 = 2*h - 2*c - 107. Let w = 85 - h. What is the remainder when w is divided by 11?
9
Suppose -415 = 5*r - g, 0 = -3*g + 2*g + 5. Let u = 117 + r. What is the remainder when u is divided by 12?
11
Let f = 1 - 0. Suppose -5*g - 10 = 0, 3*i + 2*g = -f + 3. Suppose -3*b + 12 = -2*j, -5*b - j =